123
What is the remainder when 78241 is divided by 1242?
1237
Calculate the remainder when 1280536 is divided by 116410.
26
Calculate the remainder when 51852205 is divided by 111.
109
Calculate the remainder when 894250 is divided by 88.
82
What is the remainder when 1226350 is divided by 1276?
114
What is the remainder when 307066 is divided by 306853?
213
What is the remainder when 386365 is divided by 35064?
661
What is the remainder when 37079 is divided by 158?
107
What is the remainder when 158195251 is divided by 1622?
1591
Calculate the remainder when 5282503 is divided by 16931.
31
What is the remainder when 100686066 is divided by 6530?
6526
Calculate the remainder when 246825 is divided by 5.
0
What is the remainder when 1191212 is divided by 31?
6
Calculate the remainder when 545042 is divided by 90824.
98
Calculate the remainder when 298550 is divided by 29584.
2710
What is the remainder when 11518707 is divided by 783?
777
What is the remainder when 10896560 is divided by 7202?
7136
Calculate the remainder when 8392663 is divided by 511.
510
Calculate the remainder when 5318441 is divided by 5622.
29
What is the remainder when 316209 is divided by 69?
51
What is the remainder when 689327 is divided by 2997?
17
What is the remainder when 2068918 is divided by 24340?
18
Calculate the remainder when 4814881 is divided by 183.
151
Calculate the remainder when 434060 is divided by 257.
244
What is the remainder when 275399 is divided by 10196?
107
Calculate the remainder when 8565031 is divided by 28.
27
What is the remainder when 6429809 is divided by 26?
9
What is the remainder when 62127 is divided by 327?
324
Calculate the remainder when 116939342 is divided by 11.
3
Calculate the remainder when 2802026 is divided by 2473.
117
What is the remainder when 53875 is divided by 48537?
5338
Calculate the remainder when 2331591 is divided by 194298.
15
Calculate the remainder when 20506303 is divided by 12596.
15
Calculate the remainder when 3956398 is divided by 9793.
26
What is the remainder when 5205 is divided by 4617?
588
Calculate the remainder when 333059 is divided by 7075.
534
What is the remainder when 404661 is divided by 36?
21
What is the remainder when 8519313 is divided by 2129701?
509
What is the remainder when 5079607 is divided by 900?
7
What is the remainder when 29028 is divided by 2694?
2088
Calculate the remainder when 21486279 is divided by 557.
4
Calculate the remainder when 5036671 is divided by 304.
303
Calculate the remainder when 1007485 is divided by 100743.
55
What is the remainder when 875473 is divided by 3052?
2601
Calculate the remainder when 449322 is divided by 89411.
2267
What is the remainder when 1891718 is divided by 377?
309
What is the remainder when 67415 is divided by 21566?
2717
Calculate the remainder when 766454 is divided by 4562.
38
Calculate the remainder when 1853198 is divided by 40.
38
Calculate the remainder when 6966532 is divided by 3483019.
494
What is the remainder when 91181999 is divided by 1040?
1039
What is the remainder when 31742 is divided by 10534?
140
Calculate the remainder when 4592 is divided by 249.
110
What is the remainder when 26725980 is divided by 715?
710
What is the remainder when 2466284 is divided by 1372?
800
Calculate the remainder when 176054702 is divided by 83.
82
Calculate the remainder when 1642345 is divided by 52.
29
Calculate the remainder when 150273 is divided by 50077.
42
What is the remainder when 495047 is divided by 164990?
77
Calculate the remainder when 6064852 is divided by 2021568.
148
What is the remainder when 508928 is divided by 3303?
266
What is the remainder when 148243743 is divided by 14?
11
What is the remainder when 413859 is divided by 389?
352
Calculate the remainder when 3364195 is divided by 31441.
8
Calculate the remainder when 61949614 is divided by 7743697.
38
Calculate the remainder when 42135 is divided by 2868.
1983
Calculate the remainder when 7070 is divided by 1094.
506
What is the remainder when 16418252 is divided by 5779?
113
What is the remainder when 5159945 is divided by 12056?
12033
What is the remainder when 9239921 is divided by 261?
260
What is the remainder when 451798 is divided by 150582?
52
What is the remainder when 197053 is divided by 397?
141
What is the remainder when 281926 is divided by 10829?
372
What is the remainder when 470967356 is divided by 30?
26
Calculate the remainder when 42177 is divided by 3696.
1521
Calculate the remainder when 640453 is divided by 835.
8
Calculate the remainder when 129308 is divided by 64223.
862
Calculate the remainder when 273423 is divided by 4328.
759
Calculate the remainder when 4131250 is divided by 282.
232
What is the remainder when 1233319 is divided by 1233293?
26
Calculate the remainder when 7921838 is divided by 3591.
92
What is the remainder when 661714 is divided by 36?
34
Calculate the remainder when 4539231 is divided by 13157.
66
What is the remainder when 193297 is divided by 38651?
42
Calculate the remainder when 42463415 is divided by 3383.
3382
Calculate the remainder when 479246 is divided by 36865.
1
What is the remainder when 102490 is divided by 24902?
2882
Calculate the remainder when 69074854 is divided by 37.
35
What is the remainder when 50126012 is divided by 6?
2
What is the remainder when 225993 is divided by 45198?
3
Calculate the remainder when 40509 is divided by 90.
9
Calculate the remainder when 6207969 is divided by 3944.
113
What is the remainder when 189202 is divided by 4399?
45
Calculate the remainder when 98534 is divided by 6145.
214
Calculate the remainder when 816404 is divided by 408.
404
What is the remainder when 4261809 is divided by 3800?
2009
What is the remainder when 7606 is divided by 6265?
1341
What is the remainder when 1788952 is divided by 1788949?
3
Calculate the remainder when 9998568 is divided by 1999710.
18
What is the remainder when 80293749 is divided by 4?
1
What is the remainder when 3684308 is divided by 73?
71
Calculate the remainder when 18780224 is divided by 3130025.
74
Calculate the remainder when 9097 is divided by 1807.
62
Calculate the remainder when 2548532 is divided by 67.
53
Calculate the remainder when 1364459 is divided by 50.
9
What is the remainder when 1350352 is divided by 72?
64
What is the remainder when 1627423 is divided by 135503?
1387
What is the remainder when 3231535 is divided by 10194?
37
What is the remainder when 991448 is divided by 502?
500
Calculate the remainder when 3213480 is divided by 642284.
2060
Calculate the remainder when 1044599 is divided by 1100.
699
Calculate the remainder when 23653810 is divided by 7884594.
28
Calculate the remainder when 134446424 is divided by 17.
3
Calculate the remainder when 807677 is divided by 329.
311
What is the remainder when 1439379 is divided by 1324?
191
Calculate the remainder when 166423 is divided by 27736.
7
Calculate the remainder when 18875 is divided by 26.
25
What is the remainder when 126330 is divided by 14028?
78
Calculate the remainder when 1003658 is divided by 4888.
1618
What is the remainder when 878487 is divided by 156?
51
Calculate the remainder when 59904 is divided by 1369.
1037
What is the remainder when 3190827 is divided by 1063605?
12
Calculate the remainder when 5556648 is divided by 59.
28
What is the remainder when 377017194 is divided by 600?
594
Calculate the remainder when 13538588 is divided by 1761.
20
Calculate the remainder when 133690464 is divided by 43.
24
What is the remainder when 145069 is divided by 72466?
137
Calculate the remainder when 108884 is divided by 18137.
62
What is the remainder when 1046276 is divided by 8543?
4030
Calculate the remainder when 354972 is divided by 88.
68
Calculate the remainder when 414293 is divided by 68907.
851
Calculate the remainder when 3358562 is divided by 8.
2
Calculate the remainder when 175987 is divided by 87921.
145
Calculate the remainder when 6377706 is divided by 531474.
18
Calculate the remainder when 284622 is divided by 1330.
2
Calculate the remainder when 545691 is divided by 109123.
76
What is the remainder when 10145 is divided by 2834?
1643
Calculate the remainder when 5199585 is divided by 105.
90
What is the remainder w